 0. Suppose o*z - 92 = 3*g, 0 = -3*z - 5*g - 84 + 241. Calculate the remainder when 340 is divided by z.
46
Let h(z) = 15*z - 9 + 4 + 20*z - 7. What is the remainder when h(4) is divided by 26?
24
Suppose -3*j + 145 = 4*x, -4*j = x - 7 - 39. What is the remainder when 88 is divided by x?
20
Let f = 0 - -10. Let v be ((-4)/10*(-5 + -50))/2. Suppose 135 = -6*g + v*g. What is the remainder when g is divided by f?
7
Suppose 5*w - 4*t - 290 = 58, -5*w + 2*t + 354 = 0. Let d be (-1)/((-3)/w*-4). Calculate the remainder when (-2)/(-1)*(-105)/d is divided by 12.
11
Suppose -182 - 66 = -4*f. Let n = 67 - 51. What is the remainder when f is divided by n?
14
Let k(c) = c**3 + c**2 + c - 20. Let l be k(0). Let u = -19 - l. Suppose -81 - u = -2*w. What is the remainder when w is divided by 11?
8
Suppose -x + 141 = 4*p, -2*p - 3*x + 83 = -0*x. Let l(n) = n**3 - n**2 - n + 3. Let m be l(3). Let k = m + -6. What is the remainder when p is divided by k?
10
Suppose 8*u - 18*u = 0. Suppose -5*z + 28 + 92 = u. What is the remainder when 92 is divided by z?
20
Calculate the remainder when 37 is divided by 0 + -7 - -18 - 1.
7
Let a(t) = -5*t - 6. Let k(r) = -1. Let l(x) = -a(x) + 3*k(x). Calculate the remainder when l(5) is divided by 10.
8
Let u = 284 + -248. Suppose 4 - 18 = -i. Calculate the remainder when u is divided by i.
8
Let g(t) = 42*t**2 - 3*t - 1. Let f be g(-1). Let a = f + -25. What is the remainder when 35 is divided by a?
16
Let j = -3 - -1. What is the remainder when (-5)/((-25)/35)*1 is divided by (-2 - -3) + (0 - j)?
1
Suppose -54*q = -51*q - 126. Calculate the remainder when q is divided by 27.
15
Let k = 56 - -78. Suppose -10*o + 208 = 58. Calculate the remainder when k is divided by o.
14
Calculate the remainder when 1813 is divided by 6/15 - 1460/(-100).
13
Let f(a) = 10*a - 6. Calculate the remainder when 40 is divided by f(3).
16
Let r(l) = l**3 - 5*l**2 + 9*l - 7. Let w be r(6). Let v = -55 + w. What is the remainder when 51 is divided by v?
23
Let w(g) = 15*g + 116. Let t = -114 + 177. What is the remainder when t is divided by w(-7)?
8
Let v = -3 + 40. What is the remainder when v is divided by 3/((324/288)/(60/16))?
7
Suppose -60 = -3*u - 5*d, 0*u + 5*u - 116 = -3*d. Let v = 8 + 33. Suppose 3*y - v + 2 = 0. What is the remainder when u is divided by y?
12
Suppose -j = j - 8, 0 = -3*f + j + 44. Let a = 127 + -85. What is the remainder when a is divided by f?
10
Suppose -3*v + 5*n = -20, -n - 2 = -v + 4. Let r(k) = -8 - 10 + 2*k + 7*k + 6. What is the remainder when r(v) is divided by 9?
6
Suppose -200 = -36*c + 196. Let s be 1 - (-1 - 0/(-1)). Suppose s*y = 4*y - 10. What is the remainder when c is divided by y?
1
Let w(i) = 36*i + 1. Let f(z) = z + 1. Let k(u) = 3*f(u) + w(u). Let l be k(3). What is the remainder when 30 is divided by 246/22 - 22/l?
8
Suppose -33*i + 34*i = 62. What is the remainder when 128 is divided by i?
4
Suppose -4*c + 5 = 5*j + c, -4*j - c + 7 = 0. Let a = 9 + -5. Calculate the remainder when (-1 + j)*(-7)/(-1) is divided by a.
3
Suppose v = 3*g + 31, -3*v - 27 = g + 2*g. Let z(q) = -9*q + 14. Calculate the remainder when z(g) is divided by 35.
34
Let i = 420 - 396. What is the remainder when 166 is divided by i?
22
Let a = 4 + 2. Suppose 2*y - 28 = a. Suppose -w = -53 + 21. Calculate the remainder when w is divided by y.
15
Let f(l) = -9*l - 12. Let q(k) = -2 + 14 + 14*k - 1 + 7. Let y(v) = -8*f(v) - 5*q(v). Calculate the remainder when y(10) is divided by 7.
5
Suppose -8*i - 20 = -13*i. Suppose -3*j = i*j - 28. Let y = -5 + 7. Calculate the remainder when j is divided by y.
0
Let c = -110 + 181. Let p = 114 - c. Calculate the remainder when p is divided by 23.
20
Suppose 0 = 3*x + 5*g - 41, -15*x + 4*g + 76 = -11*x. What is the remainder when 150 is divided by x?
14
Let q(j) = 7 + 2*j + 0*j + 5 - 3*j. Let o be q(11). What is the remainder when 12 is divided by (4 + 2 + 1)/o?
5
Suppose 147*v + 80 = 151*v + 4*o, 0 = -5*v + 4*o + 91. What is the remainder when 43 is divided by v?
5
Let m(h) = h**2 + h + 1. Let n = 8 - 6. Let u be m(n). Let k(b) = -b**2 + 9*b - 4. Calculate the remainder when 47 is divided by k(u).
7
Suppose -3*t + 3 = 5*o - o, 4*o = -t + 9. Suppose o*l = -d + 19, 2 = -2*l + 12. What is the remainder when 8 is divided by d?
0
Suppose -8*a - 4 = -9*a. Suppose 4*q + 3 = -5, -5*m - 3*q = -9. What is the remainder when -3*(-11)/3 + m is divided by a?
2
Let u be 1 + (2 - 3*-2). Let j(f) = f + 6. Suppose -5*c + 2*w = -293, 0*c + w + 289 = 5*c. Calculate the remainder when c is divided by j(u).
12
Suppose 6*j - 3*f = 15, f + 16 = j + 5*f. Suppose -2*a + 28 = -2*c, -25 - 13 = -2*a + 4*c. Calculate the remainder when a is divided by j.
1
Suppose -41 = -10*x - 1621. Let k = 99 - x. What is the remainder when k is divided by 43?
42
Calculate the remainder when ((-2)/(-4))/((-2)/4368*-7) is divided by 63.
30
Let p be -6*(-3 - 52/(-12)). Let l be (p/(-20))/(1/(-80)). Let o = -15 - l. What is the remainder when 31 is divided by o?
14
Suppose -3*w + 15*j + 104 = 19*j, -3*w + 3*j + 132 = 0. Calculate the remainder when 116 is divided by w.
36
Suppose -9*q = -1844 + 413. Calculate the remainder when q is divided by 8.
7
Suppose 2*p = -4*x + 314, 2*p = 2*x - 75 - 67. Let k = x + -22. Suppose -4*b + 159 = -a, 2*b - 13 = 3*a + k. What is the remainder when b is divided by 21?
20
Suppose 53*r - 44*r = 324. Calculate the remainder when 36 is divided by r.
0
Suppose -29*p = -23*p - 678. Calculate the remainder when p is divided by 38.
37
Let u = 1073 - 607. What is the remainder when u is divided by 47?
43
Let n(t) = -14*t + 39. Let o(m) = -27*m + 77. Let l(y) = -7*n(y) + 4*o(y). Calculate the remainder when l(-6) is divided by 33.
29
Suppose -10*w = -9*w - 2. Let t(r) = 8*r - 4. Calculate the remainder when 22 is divided by t(w).
10
Let h = 131 + -73. Let z = h - 51. What is the remainder when 46 is divided by z?
4
Let m be (-1696)/(-24) - (-8)/6. Let i = m - 57. Calculate the remainder when i is divided by 17/2 - 2/4.
7
Let j = 2 + 0. Suppose -5*y + 3*y + 14 = 4*u, 2*y + j*u = 24. Let z = 1321 + -1255. What is the remainder when z is divided by y?
15
Let l(v) be the third derivative of -43*v**4/12 - 3*v**3/2 + 3*v**2. What is the remainder when l(-2) is divided by 33?
31
Suppose 2*s = 14 + 14. Suppose -3*h = 3*b - 12, b - s = -h + 2*b. Let a(o) = 36*o - 3. What is the remainder when a(1) is divided by h?
6
Suppose -12 = 3*r, 4*i + 4*r - r = 8. Let w = 0 + i. Suppose -14*p + 17*p + 5*b = 4, -10 = -4*p - 2*b. What is the remainder when w is divided by p?
2
Suppose 0 = -m - 1018 + 1039. Calculate the remainder when m is divided by 4.
1
Let i(d) = 3*d**2 + 24*d + 1. Let t be (-2)/(2/(-2 + 3)). Let a = 0 - t. Calculate the remainder when a is divided by i(-8).
0
Suppose -6*f - 15*f + 630 = 0. Calculate the remainder when 388 is divided by f.
28
Let f(v) be the third derivative of -v**6/120 + 2*v**5/15 - v**4/2 + 5*v**3/6 - 26*v**2. What is the remainder when 21 is divided by f(6)?
1
Let b be (-5 - (-2 - 2)) + 1 + -19. Let d be (-14 + -1)*16/(-6). Let o = d + b. Calculate the remainder when o is divided by 11.
10
Let u = 343 + -297. Let a(p) = p**3 - 3*p**2 - 2*p. Let g be a(-2). Let w = g + 32. What is the remainder when u is divided by w?
14
Let a(o) = o + 58. Calculate the remainder when a(-8) is divided by 41.
9
Let p = 11 - 3. What is the remainder when (81 - 74) + ((-25)/(-4) - (-1)/(-4)) is divided by p?
5
Let x(r) = -12*r - 1. Suppose -119*v + 128*v = 936. Calculate the remainder when v is divided by x(-3).
34
Let s = 111 - 96. Calculate the remainder when (-6)/(-30) + 258/10 is divided by s.
11
Suppose 2*x - 145 = -5*p - 0*p, 3*x - 5*p = 205. Suppose -5*r + 33 = 4*q - 72, 0 = -3*q - 2*r + x. What is the remainder when 72 is divided by q?
12
Let m(q) = 4*q - 51. Calculate the remainder when 41 is divided by m(18).
20
Let t be 3 - (0 - (9 + 3)). Suppose t = 3*k + 5*v, 4 = -2*k - 4*v + 12. What is the remainder when 49 is divided by k?
9
Let q be 4 - (3/1 + -1). Suppose 3*x + q = 101. Let i(k) = k**2 + k - 25. What is the remainder when i(-13) is divided by x?
32
Suppose 38*t - 36*t = -282. What is the remainder when 12/(-8)*(-1 + t) is divided by 54?
51
Suppose -6 = -0*n + 3*n. Let g be -1 - (n + -11 - 2). Suppos